{"id":3871,"date":"2020-02-06T13:42:19","date_gmt":"2020-02-06T12:42:19","guid":{"rendered":"http:\/\/testowa.tech\/?page_id=3871"},"modified":"2020-02-06T13:42:19","modified_gmt":"2020-02-06T12:42:19","slug":"polityka-prywatnosci","status":"publish","type":"page","link":"https:\/\/tobgsxndps.cfolks.pl\/index.php\/polityka-prywatnosci\/","title":{"rendered":"Polityka prywatno\u015bci"},"content":{"rendered":"<p>[bt_bb_section layout=&#8221;wide&#8221; lazy_load=&#8221;yes&#8221; show_video_on_mobile=&#8221;&#8221; top_spacing=&#8221;large&#8221; bottom_spacing=&#8221;large&#8221; full_screen=&#8221;&#8221; vertical_align=&#8221;top&#8221; negative_margin=&#8221;&#8221; color_scheme=&#8221;&#8221; background_color=&#8221;&#8221; background_image=&#8221;3724&#8243; background_overlay=&#8221;&#8221; parallax=&#8221;0.7&#8243; parallax_offset=&#8221;&#8221; background_video_yt=&#8221;&#8221; yt_video_settings=&#8221;&#8221; background_video_mp4=&#8221;&#8221; background_video_ogg=&#8221;&#8221; background_video_webm=&#8221;&#8221; responsive=&#8221;&#8221; publish_datetime=&#8221;&#8221; expiry_datetime=&#8221;&#8221; el_id=&#8221;&#8221; el_class=&#8221;&#8221; el_style=&#8221;&#8221;][bt_bb_row][bt_bb_column lazy_load=&#8221;yes&#8221; width=&#8221;1\/1&#8243; align=&#8221;center&#8221; color_scheme=&#8221;&#8221; vertical_align=&#8221;top&#8221; inner_color_scheme=&#8221;&#8221; animation=&#8221;fade_in&#8221; responsive=&#8221;&#8221; padding=&#8221;normal&#8221; icon=&#8221;&#8221; icon_size=&#8221;&#8221; icon_align=&#8221;&#8221; icon_color_scheme=&#8221;&#8221; background_image=&#8221;&#8221; inner_background_image=&#8221;&#8221; background_color=&#8221;&#8221; inner_background_color=&#8221;&#8221; opacity=&#8221;&#8221; publish_datetime=&#8221;&#8221; expiry_datetime=&#8221;&#8221; el_id=&#8221;&#8221; el_class=&#8221;&#8221; el_style=&#8221;&#8221;][bt_bb_separator top_spacing=&#8221;&#8221; bottom_spacing=&#8221;normal&#8221; border_style=&#8221;none&#8221; border_width=&#8221;&#8221; responsive=&#8221;&#8221; publish_datetime=&#8221;&#8221; expiry_datetime=&#8221;&#8221; el_id=&#8221;&#8221; el_class=&#8221;&#8221; el_style=&#8221;&#8221; color=&#8221;&#8221;][\/bt_bb_separator][bt_bb_headline font_subset=&#8221;latin,latin-ext&#8221; superheadline=&#8221;&#8221; headline=&#8221;Polityka prywatno\u015bci&#8221; subheadline=&#8221;&#8221; html_tag=&#8221;h3&#8243; align=&#8221;inherit&#8221; dash=&#8221;top&#8221; color_scheme=&#8221;dark-accent-skin&#8221; color=&#8221;&#8221; supertitle_position=&#8221;&#8221; font=&#8221;inherit&#8221; font_size=&#8221;&#8221; url=&#8221;&#8221; target=&#8221;_self&#8221; responsive=&#8221;&#8221; publish_datetime=&#8221;&#8221; expiry_datetime=&#8221;&#8221; el_id=&#8221;&#8221; el_class=&#8221;&#8221; el_style=&#8221;&#8221; size=&#8221;extralarge&#8221; font_weight=&#8221;&#8221; supertitle_font_weight=&#8221;&#8221; subtitle_font_weight=&#8221;&#8221;][\/bt_bb_headline][bt_bb_separator top_spacing=&#8221;&#8221; bottom_spacing=&#8221;normal&#8221; border_style=&#8221;none&#8221; border_width=&#8221;&#8221; responsive=&#8221;&#8221; publish_datetime=&#8221;&#8221; expiry_datetime=&#8221;&#8221; el_id=&#8221;&#8221; el_class=&#8221;&#8221; el_style=&#8221;&#8221; color=&#8221;&#8221;][\/bt_bb_separator][\/bt_bb_column][\/bt_bb_row][\/bt_bb_section][bt_bb_section layout=&#8221;boxed_1200&#8243; lazy_load=&#8221;yes&#8221; show_video_on_mobile=&#8221;&#8221;][bt_bb_row][bt_bb_column lazy_load=&#8221;yes&#8221; width=&#8221;1\/1&#8243;][bt_bb_text]<\/p>\n<p><\/p>\n<p><\/p>\n<p style=\"text-align: left;\">____________________________<\/p>\n<p style=\"text-align: justify;\"><span style=\"font-size: 14pt;\"><strong>Polityka prywatno\u015bci Stowarzyszenia Le Droit Humain<\/strong><\/span><\/p>\n<p style=\"text-align: justify;\"><strong>Administratorem<\/strong> danych jest <strong>Stowarzyszenie Le Droit Humain z siedzib\u0105 w Warszawie<\/strong>, zwane r\u00f3wnie\u017c Federacj\u0105 Polsk\u0105 \u201eLe Droit Humain\u201d lub \u201eLe Droit Humain\u201d.<\/p>\n<p style=\"text-align: justify;\">Wszelkie kwestie zwi\u0105zane z przetwarzaniem danych osobowych i korzystaniem z praw zwi\u0105zanych z ich powierzeniem wymagaj\u0105 kontaktu z Sekretariatem Rady Federacji Polskiej \u201eLe Droit Humain\u201d, kt\u00f3ra jest najwy\u017cszym organem administracyjnym Stowarzyszenia Le Droit Humain w Polsce.<\/p>\n<p style=\"text-align: justify;\">Kontaktowy adres e-mail: <a href=\"mailto:sekretariat@droithumain.pl\">sekretariat@droithumain.pl<\/a><\/p>\n<p style=\"text-align: justify;\">Dane b\u0119d\u0105 przetwarzane w celu przeprowadzenia procesu aplikacyjnego do Le Droit Humain na podstawie udzielonej przez Pani\u0105\/Pana zgody. Wys\u0142anie wype\u0142nionego formularza aplikacyjnego ze strony internetowej Le Droit Humain \u2013 Federacja Polska nie jest mo\u017cliwe bez wyra\u017cenia takiej zgody poprzez zaznaczenie odpowiedniego boxa. Zaznaczenie i wys\u0142anie jest r\u00f3wnoznaczne z udzieleniem takiej zgody.<\/p>\n<p style=\"text-align: justify;\">Pani\/Pana dane osobowe b\u0119d\u0105 udost\u0119pniane podmiotom przetwarzaj\u0105cym dane osobowe na zlecenie Administratora (dostawcom us\u0142ug IT i administratorom witryny internetowej Federacji Polskiej Le Droit Humain, cz\u0142onkom Rady Federacji Polskiej Le Droit Humain, przedstawicielowi Rady Najwy\u017cszej Le Droit Humain w Polsce, prezydentom wybranych kom\u00f3rek terenowych (L\u00f3\u017c), do kt\u00f3rych Pani\/Pan zg\u0142osi\u0142 akces) \u2013 przy czym takie podmioty przetwarzaj\u0105 dane na podstawie upowa\u017cnienia od Administratora, wy\u0142\u0105cznie z polecenia Administratora i wy\u0142\u0105cznie w celu przeprowadzenia procesu aplikacyjnego Pani\/Pana do Le Droit Humain. Pani\/Pana dane nie b\u0119d\u0105 udost\u0119pniane \u017cadnym podmiotom trzecim.<\/p>\n<p style=\"text-align: justify;\">Administrator nie prowadzi odr\u0119bnej Bazy Danych os\u00f3b zg\u0142aszaj\u0105cych akces do Stowarzyszenia. Po uzyskaniu cz\u0142onkostwa Pani\/Pana dane b\u0119d\u0105 przetwarzane jedynie w zakresie standardowego przetwarzania danych osobowych cz\u0142onk\u00f3w organizacji.<\/p>\n<p style=\"text-align: justify;\">Pana dane osobowe b\u0119d\u0105 przechowywane do momentu wycofania przez Pani\u0105\/Pana powy\u017cszej zgody.<\/p>\n<p style=\"text-align: justify;\">Przys\u0142uguje Pani\/Panu prawo dost\u0119pu do swoich danych oraz prawo \u017c\u0105dania ich sprostowania, ich usuni\u0119cia lub ograniczenia ich przetwarzania. Na Pani\/Pana wniosek Administrator dostarczy kopi\u0119 danych osobowych podlegaj\u0105cych przetwarzaniu. Ma Pani\/Pan prawo wycofania zgody. Wycofanie zgody nie ma wp\u0142ywu na zgodno\u015b\u0107 z prawem przetwarzania, kt\u00f3rego dokonano na podstawie zgody przed jej wycofaniem. Mo\u017ce r\u00f3wnie\u017c Pani\/Pan za\u017c\u0105da\u0107 usuni\u0119cia przez Administratora ca\u0142o\u015bci Pani\/Pana danych osobistych b\u0119d\u0105cych w posiadaniu Administratora. Nie dotyczy to \u017cadnych danych, kt\u00f3re na podstawie odr\u0119bnych przepis\u00f3w Administrator jest zobligowany zachowa\u0107 ze wzgl\u0119d\u00f3w administracyjnych, prawnych albo bezpiecze\u0144stwa. Przys\u0142uguje Pani\/Panu r\u00f3wnie\u017c prawo wniesienia skargi do organu nadzorczego zajmuj\u0105cego si\u0119 ochron\u0105 danych osobowych. W celu skorzystania z powy\u017cszych praw nale\u017cy skontaktowa\u0107 si\u0119 z Administratorem danych.\u00a0<\/p>\n<p style=\"text-align: justify;\"><strong>Podanie danych osobowych dla cel\u00f3w kontaktowych jest dobrowolne i r\u00f3wnoznaczne ze z\u0142o\u017ceniem o\u015bwiadczenia o nast\u0119puj\u0105cej tre\u015bci:\u00a0<\/strong><\/p>\n<p style=\"text-align: justify;\"><em>\u201eWyra\u017cam zgod\u0119 na przetwarzanie moich danych osobowych przez Administratora w zakresie niezb\u0119dnym w procesie mojej aplikacji do Le Droit Humain oraz na kontakt telefoniczny i elektroniczny ze strony Administratora. Na podstawie niniejszej zgody mog\u0105 by\u0107 przetwarzane przez Le Droit Humain nast\u0119puj\u0105ce rodzaje moich danych osobowych: identyfikacyjne, teleadresowe, dane dotycz\u0105ce wykszta\u0142cenia i do\u015bwiadczenia zawodowego, inne dane podane przeze mnie w CV lub w formularzu kontaktowym. Niniejsz\u0105 zgod\u0119 sk\u0142adam dobrowolnie i o\u015bwiadczam, \u017ce zosta\u0142em\/am\/ poinformowany\/a\/ o prawie do jej wycofania w dowolnym momencie. Przyjmuj\u0119 do wiadomo\u015bci, \u017ce wycofanie zgody nie wp\u0142ywa na zgodno\u015b\u0107 z prawem przetwarzania, kt\u00f3rego dokonano na podstawie zgody przed jej wycofaniem.\u201d<\/em><\/p>\n<p style=\"text-align: justify;\"><span style=\"font-size: 14pt;\"><strong>Zakres i bezpiecze\u0144stwo danych w witrynie Le Droit Humain &#8211; Federacja Polska<\/strong><\/span><\/p>\n<p style=\"text-align: justify;\">Odwiedzenie niniejszej witryny powoduje zapisanie w Pani\/Pana komputerze ciasteczek usuwanych po zamkni\u0119ciu przegl\u0105darki. W komputerze mog\u0105 by\u0107 r\u00f3wnie\u017c zapisywane\u00a0 ciasteczka przyspieszaj\u0105ce wczytywanie witryny w przysz\u0142o\u015bci. W przypadku braku zgody na takie dzia\u0142anie prosimy o opuszczenie witryny i skasowanie ciasteczek z poziomu Pani\/Pana przegl\u0105darki.<\/p>\n<p style=\"text-align: justify;\"><\/p>\n<p style=\"text-align: justify;\"><\/p>\n<p style=\"text-align: justify;\"><\/p>\n<p style=\"text-align: justify;\"><\/p>\n<p style=\"text-align: justify;\"><\/p>\n<p style=\"text-align: justify;\"><\/p>\n<p style=\"text-align: justify;\">Artyku\u0142y na tej witrynie mog\u0105 zawiera\u0107 osadzone tre\u015bci (np. filmy, obrazki, artyku\u0142y itp., wtyczki medi\u00f3w spo\u0142eczno\u015bciowych). Osadzone tre\u015bci z innych witryn zachowuj\u0105 si\u0119 analogicznie do tego, jakby u\u017cytkownik odwiedzi\u0142 bezpo\u015brednio konkretn\u0105 witryn\u0119.<\/p>\n<p style=\"text-align: justify;\"><\/p>\n<p style=\"text-align: justify;\"><\/p>\n<p style=\"text-align: justify;\">Witryny mog\u0105 zbiera\u0107 informacje o Pani\/Panu, u\u017cywa\u0107 ciasteczek, do\u0142\u0105cza\u0107 dodatkowe, zewn\u0119trzne systemy \u015bledzenia i monitorowa\u0107 Pani\/Pana interakcje z osadzonym materia\u0142em, w\u0142\u0105czaj\u0105c w to \u015bledzenie twoich interakcji z osadzonym materia\u0142em, je\u015bli posiada Pani\/Pan konto i jest zalogowany w tamtej witrynie.<\/p>\n<p style=\"text-align: justify;\"><\/p>\n<p style=\"text-align: justify;\"><\/p>\n<p style=\"text-align: justify;\"><\/p>\n<p style=\"text-align: justify;\"><\/p>\n<p style=\"text-align: justify;\"><\/p>\n<p style=\"text-align: justify;\"><\/p>\n<p style=\"text-align: justify;\">Pani\/Pana dane s\u0105 chronione poprzez zabezpieczenia zaimplementowane w witrynie. Przesy\u0142ane s\u0105 w postaci zaszyfrowanej.\u00a0<\/p>\n<p><\/p>\n<p><\/p>\n<p><\/p>\n<p>[\/bt_bb_text][\/bt_bb_column][\/bt_bb_row][\/bt_bb_section]<\/p>","protected":false},"excerpt":{"rendered":"<p>[bt_bb_section layout=&#8221;wide&#8221; lazy_load=&#8221;yes&#8221; show_video_on_mobile=&#8221;&#8221; top_spacing=&#8221;large&#8221; bottom_spacing=&#8221;large&#8221; full_screen=&#8221;&#8221; vertical_align=&#8221;top&#8221; negative_margin=&#8221;&#8221; color_scheme=&#8221;&#8221; background_color=&#8221;&#8221; background_image=&#8221;3724&#8243; background_overlay=&#8221;&#8221; parallax=&#8221;0.7&#8243; parallax_offset=&#8221;&#8221; background_video_yt=&#8221;&#8221; yt_video_settings=&#8221;&#8221; background_video_mp4=&#8221;&#8221; background_video_ogg=&#8221;&#8221; background_video_webm=&#8221;&#8221; responsive=&#8221;&#8221; publish_datetime=&#8221;&#8221; expiry_datetime=&#8221;&#8221; el_id=&#8221;&#8221; el_class=&#8221;&#8221; el_style=&#8221;&#8221;][bt_bb_row][bt_bb_column lazy_load=&#8221;yes&#8221; width=&#8221;1\/1&#8243; align=&#8221;center&#8221; color_scheme=&#8221;&#8221; vertical_align=&#8221;top&#8221; inner_color_scheme=&#8221;&#8221; animation=&#8221;fade_in&#8221; responsive=&#8221;&#8221; padding=&#8221;normal&#8221; icon=&#8221;&#8221; icon_size=&#8221;&#8221; icon_align=&#8221;&#8221; icon_color_scheme=&#8221;&#8221; background_image=&#8221;&#8221; inner_background_image=&#8221;&#8221; background_color=&#8221;&#8221; inner_background_color=&#8221;&#8221; opacity=&#8221;&#8221; publish_datetime=&#8221;&#8221; expiry_datetime=&#8221;&#8221; el_id=&#8221;&#8221; el_class=&#8221;&#8221; el_style=&#8221;&#8221;][bt_bb_separator top_spacing=&#8221;&#8221; bottom_spacing=&#8221;normal&#8221; border_style=&#8221;none&#8221; border_width=&#8221;&#8221; responsive=&#8221;&#8221; publish_datetime=&#8221;&#8221; [&hellip;]<\/p>\n","protected":false},"author":2,"featured_media":0,"parent":0,"menu_order":0,"comment_status":"closed","ping_status":"closed","template":"","meta":{"footnotes":""},"class_list":["post-3871","page","type-page","status-publish","hentry"],"_links":{"self":[{"href":"https:\/\/tobgsxndps.cfolks.pl\/index.php\/wp-json\/wp\/v2\/pages\/3871"}],"collection":[{"href":"https:\/\/tobgsxndps.cfolks.pl\/index.php\/wp-json\/wp\/v2\/pages"}],"about":[{"href":"https:\/\/tobgsxndps.cfolks.pl\/index.php\/wp-json\/wp\/v2\/types\/page"}],"author":[{"embeddable":true,"href":"https:\/\/tobgsxndps.cfolks.pl\/index.php\/wp-json\/wp\/v2\/users\/2"}],"replies":[{"embeddable":true,"href":"https:\/\/tobgsxndps.cfolks.pl\/index.php\/wp-json\/wp\/v2\/comments?post=3871"}],"version-history":[{"count":0,"href":"https:\/\/tobgsxndps.cfolks.pl\/index.php\/wp-json\/wp\/v2\/pages\/3871\/revisions"}],"wp:attachment":[{"href":"https:\/\/tobgsxndps.cfolks.pl\/index.php\/wp-json\/wp\/v2\/media?parent=3871"}],"curies":[{"name":"wp","href":"https:\/\/api.w.org\/{rel}","templated":true}]}}